) = w**2 + 7*w - 6. What is the remainder when (-126)/7*m/(-6) is divided by g(-10)?
21
Let f = -133 + 140. Let o(g) = -2*g - 2. Let s be o(-13). What is the remainder when f is divided by s/4*1*(-2)/(-6)?
1
Let m(p) = 1 - 50 - 16*p + 11*p. Suppose 31*o = -334 - 627. Calculate the remainder when m(o) is divided by 27.
25
Let q = 55 - 38. Let v = -65214 - -65218. What is the remainder when q is divided by v?
1
Suppose -170*m + 19316 = -4484. What is the remainder when 233 is divided by m?
93
Let i(o) = o**3 + 19*o**2 + 40*o - 91. What is the remainder when i(-14) is divided by 298?
31
Calculate the remainder when 70 is divided by 8/(-8)*(-1081)/23.
23
Let o(d) be the third derivative of 29*d**5/60 - 5*d**4/12 + 8*d**3/3 + 87*d**2. What is the remainder when 443 is divided by o(2)?
107
Suppose -34*f = -39*f - 150. Let v be (8/(-5) - -2)*f. Let h(n) = n**2 + 11*n. Calculate the remainder when 34 is divided by h(v).
10
Let n = 13409 - 13366. What is the remainder when n is divided by 16?
11
Calculate the remainder when 340 is divided by 5824/(-96)*(9/126)/(2/(-24)).
28
Let j(v) = 18300*v + 1326. Calculate the remainder when j(1) is divided by 27.
24
Let d = 6710 - 3584. What is the remainder when d is divided by 92?
90
Suppose -128 = -1325*r + 1324*r. What is the remainder when 412 is divided by r?
28
Let l = 56 - 20. Let d(z) = -z**2 + 23*z + 2. Let t be d(21). Suppose -2*w + l = -t. What is the remainder when 159 is divided by w?
39
Let g(p) = 395*p - 2759. Calculate the remainder when 231 is divided by g(7).
3
Let a be (-46)/(-6)*36/(-12). Suppose -2*z + 12 + 12 = 4*t, 4*t = -z + 12. What is the remainder when (-2 - -1)*1 - a is divided by z?
10
Suppose 4*h = -2*o + 3288, 4*o = 41*h - 39*h - 1624. What is the remainder when h is divided by 75?
70
Let o = 19140 + -18738. Suppose 62 = 3*z + 17. What is the remainder when o is divided by z?
12
Let x(c) be the first derivative of 5*c**3 + 2*c**2 - 5*c - 103. Calculate the remainder when 184 is divided by x(2).
58
Suppose -96*u + 141*u - 22005 = 0. Calculate the remainder when u is divided by 238.
13
Let i be -1*(-16)/(-4) + 9. Let s be i/2 - (-275)/(-22). Let w = s - -24. What is the remainder when 40 is divided by w?
12
Let w(i) = -6*i**3 - 3*i**2 - 2*i + 2. Suppose -4*a + 35*u = 34*u - 64, -4*a - u = -56. What is the remainder when w(-2) is divided by a?
12
Suppose 2 = 6*t - 10. Let x(b) = b**3 + b**2 - 2*b + 1. Let s be x(t). Suppose -s*h + 1217 = 209. What is the remainder when h is divided by 19?
17
Suppose 2*u - 5*c - 153 = -2*u, -4*c - 4 = 0. What is the remainder when 446 is divided by u?
2
Let b = 35 - 35. Let o(y) be the third derivative of -y**6/120 - y**5/60 + y**4/12 + 13*y**3/3 + 9*y**2. What is the remainder when 51 is divided by o(b)?
25
Let x(a) = -3*a + 17. Let w be x(4). Suppose 0*z + s = -3*z, -3*s = -w*z + 14. Calculate the remainder when (z*285)/5 + 2 is divided by 15.
14
Suppose 0 = 699*z + 440 - 1099 - 739. What is the remainder when 1495 is divided by z?
1
Let u = 237 - 219. Suppose 0 = 3*g - 21 - 15. What is the remainder when u is divided by g?
6
Suppose -16*f - 8594 + 2946 = 0. Let u = -175 - f. Calculate the remainder when u is divided by 9.
7
Suppose -53*m + 88*m - 53*m = -846. Calculate the remainder when m is divided by 28.
19
Let w be (-1)/(-8*(-8)/192). Let q(b) = 8*b**2 + 6*b - 7. Calculate the remainder when q(w) is divided by 19.
9
Let v = -2783 - -2787. Calculate the remainder when 257 is divided by v.
1
Suppose 2*y = 3*o + 166, -2*y - 3*o + 142 = -0*y. Suppose 3*u = 232 + y. Calculate the remainder when u is divided by 23.
11
Suppose -5*v - 24 - 23 = -4*z, 24 = 2*z - 2*v. Let x(u) = -u**2 + 145*u + 11008. What is the remainder when z is divided by x(200)?
5
Suppose -8*q + 16*q = 1944. Suppose -328 = -5*y - q. What is the remainder when 47 is divided by y?
13
Suppose 4*d - 6*d + 3*o = -41, 3*d = o + 65. Let y(x) = 170*x - 606. What is the remainder when y(4) is divided by d?
8
Let v = 57 - 55. Suppose 8*y = v + 30. Suppose -2*f + 2*s = -36, -4*s = -f + 3*f - 66. Calculate the remainder when f is divided by y.
3
Suppose -d + 68 = -5*m, 5*m + 236 = 3*d + 62. Let j(l) = 0*l + 2*l + 2 + 0*l + l**2 - l. Calculate the remainder when d is divided by j(-4).
11
Suppose 11324 + 11204 = 16*u. Calculate the remainder when u is divided by 30.
28
Let s = -33 - -49. Suppose -4 = 2*x - 5*p, 5*p + s - 44 = -x. Let j = x - -12. Calculate the remainder when 39 is divided by j.
19
Let i = 276 + -279. What is the remainder when (-518)/84*-15 + i/(-2) is divided by 39?
16
Let c be 1*(-3 + 4 + -5 - -2325). Suppose -150 = 13*i - c. What is the remainder when i is divided by 34?
31
Let a be -4*(3/4 + (-2)/4). Let n(h) = -21*h. What is the remainder when n(-3) is divided by (0 + -11)*(-1 + 2/a)?
30
Suppose -34*m + 3*m + 4292 + 1226 = 0. What is the remainder when 349 is divided by m?
171
Suppose -j - 105 = 3*u - 437, -5*u + 1600 = 5*j. What is the remainder when 966 is divided by j?
24
Let z(b) = 8*b**2 - 39*b + 4. Let h be z(8). Suppose -39 + h = 5*m + r, 3*m - 99 = -2*r. Calculate the remainder when 428 is divided by m.
32
Let z = 1087 - 986. What is the remainder when 305 is divided by z?
2
Let i be 5 - 6/(-15)*10. Suppose 5*q = 848 + 427. Calculate the remainder when q/i - (-4)/6 is divided by 6.
5
Suppose 1239 = -8*k - 2761. Let t = 514 + k. What is the remainder when 61 is divided by t?
5
Let c be 8/44 + (-27594)/33. Let l(q) = q**2 - q + 14. What is the remainder when l(-6) is divided by (-2 - (-6)/4)/(22/c)?
18
Let s = 20476 + -20464. Calculate the remainder when (78/(-4))/(3/(-18)) is divided by s.
9
Suppose 0 = -3*o + 29 + 4. Suppose o*s - 288 + 90 = 0. Calculate the remainder when 45 is divided by s.
9
Let d = 46 + -48. Calculate the remainder when (98/(-4) - 1)*4/d is divided by 18.
15
Suppose -4*b + 22 + 14 = 0. Suppose 14*v + 13*v = -63*v + 4410. What is the remainder when v is divided by b?
4
Let g(w) = 2*w**2 - 13*w + 61. Let s be 13/3 - (-8)/(120/(-5)). Calculate the remainder when g(s) is divided by 14.
13
Suppose 4*l - 1438 = -5*q, -142 = -3*q - 136. Calculate the remainder when l is divided by 538/9 + (-2)/(-9).
57
Let z(s) = -s**3 - 5*s**2 + 7*s + 12. Calculate the remainder when 324 is divided by z(-7).
19
Let h be (-3)/(6/(-32)*2). Suppose 3*d = 1 + h. Let k(m) = 27*m + 3325. What is the remainder when k(-123) is divided by d?
1
Let v = -173 - -114. Let k be (-2)/(-3 + (-175)/v). Let g = k + -38. What is the remainder when 57 is divided by g?
15
Let w(s) = s**3 + 69*s**2 - 74*s - 160. What is the remainder when 211 is divided by w(-70)?
91
Let u(i) = -9*i - 4. Let g(s) = 4*s + 2. Let y(d) = 5*g(d) + 2*u(d). Calculate the remainder when (8/(-14))/(32/(-784)) is divided by y(3).
6
Let q be 616/(-70) + (-3)/15. Let w(y) = y**2 + 17*y + 82. What is the remainder when 26 is divided by w(q)?
6
Suppose -2432*q = -2427*q - 7870. What is the remainder when q is divided by 55?
34
Let w be 1/4 - 375/60. Suppose 2*y + 21 = -7. Let a = w - y. Calculate the remainder when 77 is divided by a.
5
Let n(q) = 78*q + 2399. What is the remainder when n(5) is divided by 15?
14
Suppose 2*v = 3*f + f - 144, -4*f - 5*v + 172 = 0. Calculate the remainder when (16/5)/((93/(-2325))/(18/(-15))) is divided by f.
20
Suppose -2*t = -4*q + 15792 - 3698, 5*q = -t + 15149. What is the remainder when q is divided by 80?
68
Let c(y) = y - 1. Let p be c(-4). Suppose -5*j + 5*t - 110 = 0, 27 = -2*j + 5*t - 23. What is the remainder when 10 is divided by 3 + p/(j/(-8)) + 2?
1
Let v = 55 - 30. Let p = 20 - 21. Calculate the remainder when (-30)/34 - p - (-1222)/17 is divided by v.
22
Let d(r) = -25*r + 84. Let g be d(-5). Let q = -163 + g. What is the remainder when q is divided by 17?
12
Let o(w) = -2*w**2 + 12*w - 47. Let n be o(-8). Let l = n - -316. What is the remainder when l is divided by 4?
1
Let y be (-14 - -30)*((-11)/(-2))/1. Suppose -100*a - y = -104*a. What is the remainder when a is divided by (-14)/(-2) + (-19 - -7)/6?
2
Let o be 5/(20/84) + -2. Suppose -2*g = 5*n - 0*n, -n = -2*g + 12. Let c = o - g. What is the remainder when 55 is divided by c?
13
Let t(n) = 58*n**2 + 47*n + 14. What is the remainder when t(-3) is divided by (-2)/(-6) - 212/(-12)?
17
What is the remainder when 1431